 a prime number?
True
Is 44916829913 a prime number?
True
Is 3194872619 composite?
False
Is 18625879 composite?
False
Is 55757042633 composite?
True
Is 131339699 a prime number?
True
Is 38095846747 prime?
False
Is 10248087607 a composite number?
False
Is 13680749011 prime?
True
Is 8146757194 composite?
True
Is 15773892371 prime?
True
Is 38926780807 prime?
True
Is 14380128263 a composite number?
False
Is 159861233771 prime?
False
Is 2524638097 a prime number?
True
Is 344119511783 a prime number?
True
Is 70577216917 prime?
True
Is 30650655185 composite?
True
Is 1602660107 composite?
False
Is 8875616041 a composite number?
True
Is 281707471 a composite number?
True
Is 384095237 a composite number?
True
Is 723229301 composite?
True
Is 56462376937 composite?
False
Is 99886059653 prime?
False
Is 756212881 a prime number?
True
Is 1238732609 a prime number?
True
Is 171779512433 prime?
False
Is 173433341963 a prime number?
False
Is 271655609 a composite number?
False
Is 3254144021 a composite number?
True
Is 4720493383 prime?
False
Is 18655689463 a prime number?
True
Is 2110310507 prime?
True
Is 12904400231 a composite number?
True
Is 92970177679 a composite number?
False
Is 153419580613 prime?
False
Is 654598429 a composite number?
False
Is 512117293 a prime number?
False
Is 5985557 prime?
False
Is 14659085291 a composite number?
False
Is 115124285519 a composite number?
False
Is 6537633439 a composite number?
True
Is 3208744361 prime?
True
Is 19780098331 a prime number?
False
Is 4145219173 composite?
False
Is 1724186371 a prime number?
True
Is 5173189123 prime?
True
Is 909438505 a prime number?
False
Is 226684971469 a composite number?
True
Is 1401780137 a prime number?
False
Is 5151666941 a prime number?
True
Is 1983245711 prime?
False
Is 377310257 prime?
False
Is 619471601 prime?
False
Is 4477533461 composite?
False
Is 24333759913 a composite number?
True
Is 201786743 a prime number?
False
Is 381810937 a prime number?
False
Is 5266632149 prime?
True
Is 383509597 a prime number?
True
Is 190807423 a prime number?
False
Is 5135358947 prime?
False
Is 132847973 composite?
False
Is 346553269 a composite number?
False
Is 38922590723 a prime number?
True
Is 826123079 prime?
True
Is 1214225806 a composite number?
True
Is 33975544387 composite?
False
Is 68262959 composite?
True
Is 8440759007 composite?
True
Is 1946351677 a composite number?
True
Is 2457943 a prime number?
True
Is 43381311427 a composite number?
False
Is 7931051 prime?
False
Is 376155709 a prime number?
True
Is 618221777 a prime number?
False
Is 386817007 a prime number?
True
Is 2829241397 a prime number?
False
Is 2549478545 composite?
True
Is 51091041791 composite?
False
Is 19084466767 composite?
False
Is 21535542257 composite?
False
Is 40016938862 prime?
False
Is 1810890293 a composite number?
True
Is 3896237113 prime?
True
Is 373906703 a composite number?
False
Is 13311241 prime?
False
Is 503371367 a prime number?
True
Is 238712951 a prime number?
False
Is 2351121517 a prime number?
True
Is 9728820727 a composite number?
True
Is 898284511 a composite number?
True
Is 6286299361 a prime number?
True
Is 2455819793 a composite number?
True
Is 57003045443 a prime number?
True
Is 3655580011 prime?
False
Is 585006203 composite?
True
Is 3628624171 prime?
False
Is 6731773817 composite?
True
Is 16371022637 a prime number?
False
Is 6596593187 prime?
False
Is 23908762441 prime?
True
Is 1633458809 composite?
True
Is 251974733 a prime number?
True
Is 206408071 composite?
False
Is 40885700443 a composite number?
True
Is 7331555051 composite?
True
Is 31098594613 a prime number?
True
Is 428944927 a prime number?
False
Is 10503680203 a prime number?
True
Is 13766627807 prime?
False
Is 723996821 a prime number?
False
Is 464334593 a composite number?
False
Is 8059166233 a prime number?
False
Is 3197229337 composite?
True
Is 11141061853 a prime number?
True
Is 393678683 prime?
False
Is 177460473571 composite?
True
Is 9847922297 a composite number?
True
Is 869200177 prime?
False
Is 4152827741 composite?
False
Is 10494876061 prime?
True
Is 17275282527 a composite number?
True
Is 31194811541 a prime number?
False
Is 389772529 composite?
False
Is 25589568101 a composite number?
False
Is 10487613637 prime?
False
Is 750040909 composite?
True
Is 1687197991 a prime number?
True
Is 38254715831 composite?
True
Is 4712731061 a prime number?
True
Is 65543544691 a prime number?
True
Is 4125975779 prime?
True
Is 8357374678 prime?
False
Is 1880412791 a composite number?
False
Is 113378009449 composite?
True
Is 53662507 a prime number?
True
Is 25411229501 a prime number?
False
Is 15206826631 prime?
False
Is 293955984551 prime?
False
Is 733564547 prime?
False
Is 59351360389 a composite number?
False
Is 425934319 a prime number?
True
Is 8562149327 a composite number?
False
Is 84146851739 prime?
True
Is 1468001447 composite?
True
Is 15034449109 composite?
True
Is 871714387 prime?
True
Is 5752999951 a prime number?
False
Is 14134490017 prime?
True
Is 23301224311 composite?
False
Is 168157861 composite?
True
Is 6743527387 a prime number?
True
Is 26779726181 a prime number?
False
Is 701260787 composite?
False
Is 1071646327 a prime number?
False
Is 1867451077 composite?
True
Is 16186529371 prime?
True
Is 343695277 prime?
True
Is 150561863 composite?
False
Is 18779101589 prime?
False
Is 563262529 a composite number?
True
Is 143859689 a composite number?
True
Is 21103796254 composite?
True
Is 305827853 composite?
False
Is 90162559 composite?
False
Is 179629171 prime?
True
Is 309989760349 a composite number?
True
Is 226940887 prime?
True
Is 53035850117 a prime number?
True
Is 103142516293 prime?
False
Is 11886848521 prime?
False
Is 5319034373 composite?
True
Is 16454720627 composite?
False
Is 1625710529 a composite number?
False
Is 2541153085 a composite number?
True
Is 11011146023 prime?
True
Is 1641531667 a composite number?
False
Is 597098993 a composite number?
True
Is 1909526603 a composite number?
False
Is 707641859 a composite number?
True
Is 3843399943 composite?
False
Is 36017651251 composite?
True
Is 5152549627 a composite number?
True
Is 28388684633 a prime number?
True
Is 438259831 a composite number?
True
Is 210407287 composite?
False
Is 54850948549 composite?
False
Is 105892429 composite?
True
Is 27829540213 a composite number?
False
Is 14220758381 composite?
False
Is 1211333647 composite?
False
Is 1011717047 prime?
False
Is 8841063727 composite?
True
Is 7920079639 a composite number?
True
Is 10053181871 prime?
True
Is 457241977 a prime number?
True
Is 5394705951 a composite number?
True
Is 77730467 composite?
False
Is 65649715121 composite?
False
Is 3812236427 prime?
True
Is 469318061 a prime number?
False
Is 1252545829 a prime number?
True
Is 44023990601 a prime number?
True
Is 6015297359 a composite number?
False
Is 29327492797 composite?
True
Is 620926727 composite?
True
Is 3465042271 composite?
True
Is 38782670779 prime?
False
Is 34068908039 composite?
False
Is 441891379 prime?
False
Is 98276090327 a composite number?
True
Is 132128543 a prime number?
False
Is 71597233919 composite?
True
Is 208879628479 composite?
False
Is 15358867786 prime?
False
Is 46625879317 a prime number?
True
Is 9500874169 a prime number?
True
Is 80515603 a prime number?
False
Is 9911536883 prime?
True
Is 10413237961 a composite number?
True
Is 27270359161 composite?
False
Is 688130687 a composite number?
True
Is 36640094767 composite?
False
Is 632471379 a prime number?
False
Is 7576607189 prime?
False
Is 79342179682 composite?
True
Is 129867889 a composite number?
True
Is 13484466031 a prime number?
True
Is 5551470889 a prime number?
False
Is 2805235117 a composite number?
False
Is 1932064117 composite?
False
Is 8682292183 a prime number?
True
Is 1061476733 a prime number?
True
Is 3983405563 composite?
True
Is 30113174123 prime?
False
Is 2429755385 prime?
False
Is 2417013946 composite?
True
Is 28559983421 a prime number?
True
Is 3954396661 prime?
True
Is 533517841 a prime number?
True
Is 7692663787 prime?
True
Is 5576452751 a prime number?
False
Is 4087692073 a composite number?
True
Is 2260753097 prime?
False
Is 1342773953 composite?
False
Is 10022277859 a prime number?
False
Is 625845487 a composite number?
True
Is 4515023 prime?
True
